{"id":2,"date":"2009-10-28T10:26:27","date_gmt":"2009-10-28T09:26:27","guid":{"rendered":"http:\/\/www.huber-sanitaer.de\/wp\/?page_id=2"},"modified":"2009-10-28T17:00:45","modified_gmt":"2009-10-28T16:00:45","slug":"sanitaer","status":"publish","type":"page","link":"http:\/\/www.huber-sanitaer.de\/?page_id=2","title":{"rendered":"Sanit\u00e4r"},"content":{"rendered":"<p>Von der Neubauinstallation \u00fcber die Badrenovierung bis hin zum komplett neuen Bad.<\/p>\n<ul>\n<li>alles aus einer Hand <\/li>\n<li>Terminplanung<\/li>\n<li>Arbeitsplanung<\/li>\n<li>Festpreis<\/li>\n<\/ul>\n<p>Wir sind der richtige Partner f\u00fcr Sie, ob Echtglas-Duschabtrennungen, Badm\u00f6bel, Entkalkungsanlagen oder Wanne in Wanne System.<br \/>\nIn der virtuellen Ausstellung der Firma Gienger d\u00fcrfen sie sich gerne einen Eindruck \u00fcber ihre M\u00f6glichkeiten der Badgestaltung verschaffen.<\/p>\n","protected":false},"excerpt":{"rendered":"<p>Von der Neubauinstallation \u00fcber die Badrenovierung bis hin zum komplett neuen Bad. alles aus einer Hand Terminplanung Arbeitsplanung Festpreis Wir sind der richtige Partner f\u00fcr Sie, ob Echtglas-Duschabtrennungen, Badm\u00f6bel, Entkalkungsanlagen oder Wanne in Wanne System. In der virtuellen Ausstellung der Firma Gienger d\u00fcrfen sie sich gerne einen Eindruck \u00fcber ihre M\u00f6glichkeiten der Badgestaltung verschaffen.<\/p>\n","protected":false},"author":1,"featured_media":0,"parent":0,"menu_order":0,"comment_status":"open","ping_status":"open","template":"","meta":{"footnotes":""},"_links":{"self":[{"href":"http:\/\/www.huber-sanitaer.de\/index.php?rest_route=\/wp\/v2\/pages\/2"}],"collection":[{"href":"http:\/\/www.huber-sanitaer.de\/index.php?rest_route=\/wp\/v2\/pages"}],"about":[{"href":"http:\/\/www.huber-sanitaer.de\/index.php?rest_route=\/wp\/v2\/types\/page"}],"author":[{"embeddable":true,"href":"http:\/\/www.huber-sanitaer.de\/index.php?rest_route=\/wp\/v2\/users\/1"}],"replies":[{"embeddable":true,"href":"http:\/\/www.huber-sanitaer.de\/index.php?rest_route=%2Fwp%2Fv2%2Fcomments&post=2"}],"version-history":[{"count":5,"href":"http:\/\/www.huber-sanitaer.de\/index.php?rest_route=\/wp\/v2\/pages\/2\/revisions"}],"predecessor-version":[{"id":15,"href":"http:\/\/www.huber-sanitaer.de\/index.php?rest_route=\/wp\/v2\/pages\/2\/revisions\/15"}],"wp:attachment":[{"href":"http:\/\/www.huber-sanitaer.de\/index.php?rest_route=%2Fwp%2Fv2%2Fmedia&parent=2"}],"curies":[{"name":"wp","href":"https:\/\/api.w.org\/{rel}","templated":true}]}}