{"id":11,"date":"2009-10-28T16:37:17","date_gmt":"2009-10-28T15:37:17","guid":{"rendered":"http:\/\/www.huber-sanitaer.de\/wp\/?page_id=11"},"modified":"2010-08-14T17:14:46","modified_gmt":"2010-08-14T16:14:46","slug":"uber-uns","status":"publish","type":"page","link":"http:\/\/www.huber-sanitaer.de\/?page_id=11","title":{"rendered":"\u00dcber uns"},"content":{"rendered":"<div>\n<div id=\"attachment_24\" style=\"width: 370px\" class=\"wp-caption alignnone\"><img loading=\"lazy\" decoding=\"async\" aria-describedby=\"caption-attachment-24\" class=\"size-full wp-image-24\" title=\"Pelletkessel Vitoligno 300-P von Viessmann\" src=\"http:\/\/www.huber-sanitaer.de\/wp-content\/uploads\/2009\/10\/viessmann.jpg\" alt=\"Pelletkessel Vitoligno 300-P von Viessmann; Abbildung: Viessmann Werke\" width=\"360\" height=\"237\" srcset=\"http:\/\/www.huber-sanitaer.de\/wp-content\/uploads\/2009\/10\/viessmann.jpg 360w, http:\/\/www.huber-sanitaer.de\/wp-content\/uploads\/2009\/10\/viessmann-300x197.jpg 300w\" sizes=\"(max-width: 360px) 100vw, 360px\" \/><p id=\"caption-attachment-24\" class=\"wp-caption-text\">Pelletkessel Vitoligno 300-P von Viessmann; Abbildung: Viessmann Werke<\/p><\/div>\n<p>Wir bieten:<\/p><\/div>\n<ul>\n<li>\u00d6l-Brennwertheizungen<\/li>\n<li>St\u00fcckholz- &amp; Pelletsheizungen<\/li>\n<li>Wanne-in-Wanne-System<\/li>\n<li>Behindertengerechte B\u00e4der<\/li>\n<li>Kundendienst-Service<\/li>\n<li>Entkalkungsanlagen<\/li>\n<li>Duschabtrennungen<\/li>\n<\/ul>\n<p>Unser Handwerksbetrieb steht f\u00fcr <strong>kompetente und faire Beratung<\/strong>, sowie <strong>zuverl\u00e4ssige und fachgerechte Lieferung<\/strong>. Unser Angebot umfasst den Sanit\u00e4rbereich, Heizungen, Solaranlagen und Flaschnereiarbeiten. Die Haustechnik rund ums Wasser aus einer Hand, das ist unser Bestreben.<\/p>\n<p>Unsere Mitarbeiter werden laufend geschult, um f\u00fcr sie immer auf dem neuesten Stand der Technik zu sein.<\/p>\n<p>Wer Eigenleistung erbringen will, ist bei uns ebenfalls an der richtigen Adresse. In Arbeitsgemeinschaft mit uns erhalten sie Sanit\u00e4r- und Heizungsleistungen.<\/p>\n","protected":false},"excerpt":{"rendered":"<p>Wir bieten: \u00d6l-Brennwertheizungen St\u00fcckholz- &amp; Pelletsheizungen Wanne-in-Wanne-System Behindertengerechte B\u00e4der Kundendienst-Service Entkalkungsanlagen Duschabtrennungen Unser Handwerksbetrieb steht f\u00fcr kompetente und faire Beratung, sowie zuverl\u00e4ssige und fachgerechte Lieferung. Unser Angebot umfasst den Sanit\u00e4rbereich, Heizungen, Solaranlagen und Flaschnereiarbeiten. Die Haustechnik rund ums Wasser aus einer Hand, das ist unser Bestreben. Unsere Mitarbeiter werden laufend geschult, um f\u00fcr sie immer [&hellip;]<\/p>\n","protected":false},"author":1,"featured_media":0,"parent":0,"menu_order":0,"comment_status":"closed","ping_status":"closed","template":"","meta":{"footnotes":""},"_links":{"self":[{"href":"http:\/\/www.huber-sanitaer.de\/index.php?rest_route=\/wp\/v2\/pages\/11"}],"collection":[{"href":"http:\/\/www.huber-sanitaer.de\/index.php?rest_route=\/wp\/v2\/pages"}],"about":[{"href":"http:\/\/www.huber-sanitaer.de\/index.php?rest_route=\/wp\/v2\/types\/page"}],"author":[{"embeddable":true,"href":"http:\/\/www.huber-sanitaer.de\/index.php?rest_route=\/wp\/v2\/users\/1"}],"replies":[{"embeddable":true,"href":"http:\/\/www.huber-sanitaer.de\/index.php?rest_route=%2Fwp%2Fv2%2Fcomments&post=11"}],"version-history":[{"count":8,"href":"http:\/\/www.huber-sanitaer.de\/index.php?rest_route=\/wp\/v2\/pages\/11\/revisions"}],"predecessor-version":[{"id":20,"href":"http:\/\/www.huber-sanitaer.de\/index.php?rest_route=\/wp\/v2\/pages\/11\/revisions\/20"}],"wp:attachment":[{"href":"http:\/\/www.huber-sanitaer.de\/index.php?rest_route=%2Fwp%2Fv2%2Fmedia&parent=11"}],"curies":[{"name":"wp","href":"https:\/\/api.w.org\/{rel}","templated":true}]}}